er when 103 is divided by 3?
1
Calculate the remainder when 1890 is divided by 2.
0
What is the remainder when 19268 is divided by 33?
29
Calculate the remainder when 7765 is divided by 1894.
189
Calculate the remainder when 843 is divided by 160.
43
What is the remainder when 81470 is divided by 57?
17
Calculate the remainder when 149509 is divided by 43.
41
Calculate the remainder when 97628 is divided by 37.
22
Calculate the remainder when 62476 is divided by 430.
126
Calculate the remainder when 178458 is divided by 3.
0
What is the remainder when 642 is divided by 159?
6
What is the remainder when 73423 is divided by 1095?
58
Calculate the remainder when 7134 is divided by 265.
244
What is the remainder when 617172 is divided by 325?
322
Calculate the remainder when 229192 is divided by 419.
418
What is the remainder when 612379 is divided by 134?
133
What is the remainder when 307993 is divided by 26?
23
What is the remainder when 3522 is divided by 1904?
1618
What is the remainder when 5491 is divided by 498?
13
Calculate the remainder when 178 is divided by 45.
43
Calculate the remainder when 8710 is divided by 30.
10
Calculate the remainder when 6543 is divided by 198.
9
What is the remainder when 1490 is divided by 277?
105
Calculate the remainder when 1132 is divided by 95.
87
Calculate the remainder when 897 is divided by 357.
183
Calculate the remainder when 32479 is divided by 5412.
7
Calculate the remainder when 2612 is divided by 639.
56
What is the remainder when 1671 is divided by 323?
56
Calculate the remainder when 586 is divided by 94.
22
What is the remainder when 17793 is divided by 5277?
1962
What is the remainder when 1865 is divided by 593?
86
Calculate the remainder when 998 is divided by 178.
108
Calculate the remainder when 104254 is divided by 14892.
10
What is the remainder when 34633 is divided by 34629?
4
What is the remainder when 17785 is divided by 494?
1
Calculate the remainder when 10931 is divided by 1213.
14
Calculate the remainder when 640377 is divided by 12.
9
What is the remainder when 62863 is divided by 7?
3
Calculate the remainder when 11239 is divided by 234.
7
Calculate the remainder when 52825 is divided by 3103.
74
What is the remainder when 14577 is divided by 645?
387
What is the remainder when 31909 is divided by 158?
151
Calculate the remainder when 37886 is divided by 6.
2
Calculate the remainder when 9526 is divided by 5.
1
What is the remainder when 367000 is divided by 110?
40
What is the remainder when 995 is divided by 477?
41
Calculate the remainder when 686 is divided by 262.
162
Calculate the remainder when 49298 is divided by 15.
8
What is the remainder when 739549 is divided by 17?
15
Calculate the remainder when 647052 is divided by 38.
26
Calculate the remainder when 189483 is divided by 22.
19
What is the remainder when 1695 is divided by 402?
87
What is the remainder when 35642 is divided by 327?
326
Calculate the remainder when 11461 is divided by 1425.
61
What is the remainder when 119997 is divided by 6?
3
Calculate the remainder when 38019 is divided by 176.
3
What is the remainder when 141493 is divided by 87?
31
What is the remainder when 5197 is divided by 17?
12
Calculate the remainder when 20837 is divided by 229.
227
Calculate the remainder when 2105 is divided by 261.
17
Calculate the remainder when 62135 is divided by 12409.
90
What is the remainder when 15128 is divided by 487?
31
Calculate the remainder when 2864 is divided by 317.
11
What is the remainder when 3836 is divided by 3582?
254
What is the remainder when 14408 is divided by 77?
9
Calculate the remainder when 6210 is divided by 1242.
0
Calculate the remainder when 45915 is divided by 47.
43
What is the remainder when 27296 is divided by 75?
71
What is the remainder when 2676 is divided by 8?
4
Calculate the remainder when 6269 is divided by 6236.
33
Calculate the remainder when 45573 is divided by 24.
21
What is the remainder when 44363 is divided by 1302?
95
Calculate the remainder when 9881 is divided by 3255.
116
What is the remainder when 11602 is divided by 41?
40
What is the remainder when 155907 is divided by 1926?
1827
Calculate the remainder when 42354 is divided by 98.
18
What is the remainder when 887578 is divided by 42265?
13
What is the remainder when 59537 is divided by 979?
797
Calculate the remainder when 773 is divided by 150.
23
Calculate the remainder when 12130 is divided by 92.
78
What is the remainder when 12061 is divided by 72?
37
Calculate the remainder when 2420041 is divided by 11.
8
What is the remainder when 2111443 is divided by 15?
13
Calculate the remainder when 4348 is divided by 997.
360
Calculate the remainder when 44540 is divided by 21.
20
What is the remainder when 20008 is divided by 326?
122
Calculate the remainder when 6313 is divided by 498.
337
Calculate the remainder when 52543 is divided by 17510.
13
Calculate the remainder when 222968 is divided by 293.
288
Calculate the remainder when 2203 is divided by 256.
155
What is the remainder when 14373 is divided by 14?
9
Calculate the remainder when 20355 is divided by 183.
42
Calculate the remainder when 43510 is divided by 10875.
10
What is the remainder when 3029 is divided by 2995?
34
What is the remainder when 2177 is divided by 1587?
590
Calculate the remainder when 7591 is divided by 1154.
667
Calculate the remainder when 2114 is divided by 13.
8
What is the remainder when 6829 is divided by 14?
11
Calculate the remainder when 38696 is divided by 9667.
28
What is the remainder when 41728 is divided by 2781?
13
Calculate the remainder when 48666 is divided by 381.
279
What is the remainder when 83160 is divided by 3?
0
Calculate the remainder when 12155 is divided by 2422.
45
Calculate the remainder when 31028 is divided by 3877.
12
What is the remainder when 265549 is divided by 565?
564
What is the remainder when 25305 is divided by 36?
33
Calculate the remainder when 29602 is divided by 470.
462
What is the remainder when 24815 is divided by 135?
110
Calculate the remainder when 40725 is divided by 178.
141
Calculate the remainder when 194162 is divided by 22.
12
What is the remainder when 288326 is divided by 128?
70
What is the remainder when 9555 is divided by 3168?
51
Calculate the remainder when 7257 is divided by 20.
17
What is the remainder when 605919 is divided by 201949?
72
What is the remainder when 968226 is divided by 87?
3
What is the remainder when 120235 is divided by 39?
37
What is the remainder when 998 is divided by 437?
124
What is the remainder when 48332 is divided by 9665?
7
What is the remainder when 55500 is divided by 13?
3
What is the remainder when 12462 is divided by 6229?
4
Calculate the remainder when 3483 is divided by 1739.
5
Calculate the remainder when 182045 is divided by 444.
5
What is the remainder when 9461 is divided by 9?
2
What is the remainder when 6427 is divided by 961?
661
What is the remainder when 20327 is divided by 19?
16
What is the remainder when 917406 is divided by 859?
853
Calculate the remainder when 510 is divided by 320.
190
Calculate the remainder when 3133 is divided by 187.
141
What is the remainder when 2487 is divided by 1240?
7
What is the remainder when 4645 is divided by 2308?
29
What is the remainder when 76864 is divided by 15364?
44
Calculate the remainder when 7835 is divided by 2611.
2
Calculate the remainder when 6126 is divided by 1286.
982
What is the remainder when 5909 is divided by 1477?
1
What is the remainder when 415335 is divided by 609?
606
What is the remainder when 1540 is divided by 139?
11
Calculate the remainder when 753478 is divided by 51.
4
Calculate the remainder when 23121 is divided by 11.
10
What is the remainder when 1645 is divided by 245?
175
Calculate the remainder when 80571 is divided by 212.
11
What is the remainder when 96112 is divided by 270?
262
Calculate the remainder when 5496 is divided by 1814.
54
Calculate the remainder when 12701 is divided by 3047.
513
Calculate the remainder when 1337027 is divided by 310.
307
Calculate the remainder when 144638 is divided by 152.
86
Calculate the remainder when 611413 is divided by 881.
880
What is the remainder when 402171 is divided by 58?
57
What i